 divided by a.
5
Let y = 6 - -9. Let u = y - -8. What is the remainder when u is divided by 12?
11
Suppose 4*a - a + 4*b - 6 = 0, 0 = -a + 3*b - 11. What is the remainder when 17 is divided by -6*(a/2 - 0)?
5
Suppose -2*r + 52 + 34 = 4*q, -5*q = -5*r - 85. What is the remainder when 37 is divided by q?
17
Let l = 14 + -8. Suppose l*h = 3*h + 339. Let a = h + -76. What is the remainder when a is divided by 19?
18
Suppose -9 - 39 = -4*j. Let x(q) = 7*q**2 + 2*q - 12. What is the remainder when x(3) is divided by j?
9
Suppose 4*v - 39 + 15 = 0. Let k = v - -1. Let w(u) = 2*u**2 + 7*u + 5. Calculate the remainder when w(-5) is divided by k.
6
Let t(o) = -21*o - 32. Calculate the remainder when t(-5) is divided by 23.
4
Suppose 0 = 4*t - 2*v + 59 - 1, -v - 83 = 5*t. Suppose 0 = 3*w - 28 - 23. What is the remainder when 590/18 + t/(-72) is divided by w?
16
Suppose 0 = -o - 5*n + 108 + 37, 3*o + n = 477. What is the remainder when o is divided by 42?
34
Let h(w) = w**3 - 2*w**2 - 7*w - 6. Let n be h(6). Suppose -5*z - n = -4*q, -z - z = -4*q + 96. What is the remainder when 69 + 3*(-5)/(-15) is divided by q?
22
Suppose -5*u = -2*f - 66, 5*u + 3*f - 48 = -f. Suppose 0 = j - 0*j - 34. Calculate the remainder when j is divided by u.
10
What is the remainder when 49 is divided by (-34)/3*9/(-6)?
15
Let o = -7 - -37. What is the remainder when o is divided by 11?
8
What is the remainder when (-139)/(-4) - (-30)/(-40) is divided by 19?
15
Let y(b) = 3*b**2 - 3*b - 3. What is the remainder when y(-2) is divided by 8?
7
Let o(i) = 2*i**2 + 11*i - 3. Calculate the remainder when o(-10) is divided by 30.
27
Let t = -34 + 68. Calculate the remainder when t is divided by 11.
1
Let b = -102 + 166. Calculate the remainder when b is divided by 17.
13
Let t(i) = i**3 + 17*i**2 - 3*i - 8. Calculate the remainder when 214 is divided by t(-17).
42
What is the remainder when (-1 + 3)/(3/39) is divided by 10?
6
Calculate the remainder when 55 is divided by 2*-10*(-9)/12.
10
Let v(t) = t**2 + 2*t - 3. What is the remainder when v(-4) is divided by 4?
1
Suppose -62 = -3*s - 2*y + 24, -4*s + 107 = -5*y. Let g = s - 41. Let r = g - -30. Calculate the remainder when 50 is divided by r.
16
Suppose 2*z + 2*y = -12 + 38, -2*z + 2 = -4*y. What is the remainder when 24 is divided by z?
6
Let t(o) = 2*o**2 - 8*o + 7. Suppose 2*y - 12 = y + c, 23 = 2*y - c. Let a be (-1)/2 - y/(-2). What is the remainder when t(a) is divided by 9?
8
Suppose 5*h + 3*d = 94, -d + 54 = 8*h - 5*h. Calculate the remainder when 26 is divided by h.
9
Let i(f) = -4*f + 6. Calculate the remainder when i(-7) is divided by 7.
6
Let n(d) = -d**3 - 8*d**2 - d - 2. What is the remainder when 7 is divided by n(-8)?
1
Let m = -52 + 142. Suppose -7*b + 2*b + m = 0. Calculate the remainder when 51 is divided by b.
15
Let g = -11 - -3. What is the remainder when (-198)/g*(-8)/(-3) is divided by 17?
15
What is the remainder when ((-6650)/(-40) - (-1)/(-4))/2 is divided by 28?
27
Suppose 31*g - 26*g - 830 = 0. Calculate the remainder when g is divided by 24.
22
Suppose -5*i = 2*b - 10 - 4, i + 72 = 4*b. What is the remainder when b is divided by 4?
1
Suppose -3*g + 80 = 2*g. Suppose -g = -4*z + 3*z. Calculate the remainder when z is divided by 6.
4
Let h be ((-42)/18)/(1/(-12)). Let c = h + -18. Calculate the remainder when c is divided by 6.
4
Let h = 6 - 1. What is the remainder when 19 is divided by h?
4
Let j(m) = -8*m + 43. Calculate the remainder when j(4) is divided by 7.
4
Suppose 5*z = -r + 59, -2*r + 3*r - 4 = 0. Suppose -2*q = 3*q - 150. Calculate the remainder when q is divided by z.
8
Let u(f) = -5*f - 3. Let v(k) = k - 2. Let z be v(-1). Calculate the remainder when u(z) is divided by 8.
4
Suppose -11*g = -10*g - 80. Calculate the remainder when g is divided by 27.
26
Suppose -2*a - 12 = -6*a. Suppose a*p - 33 = -0*p. Calculate the remainder when 19 is divided by p.
8
Let t = -2 - -9. Let s be t - (4 + -3) - 3. Suppose 2*q - 34 = 4*d, -52 = -s*q - 2*d + 7*d. Calculate the remainder when 56 is divided by q.
18
Let v be 3*(-2 + (-184)/(-6)). Let y be -2*(2 - (-9)/(-2)). Suppose 3*x - 45 - v = y*c, -c = -2*x + 78. Calculate the remainder when x is divided by 13.
11
Suppose 3*o = 2*v - 22, -7*v + 2*v + 5*o = -65. Calculate the remainder when 49 is divided by v.
15
Suppose 3*o = 4*j - 9 + 48, 3*o + j = 54. Calculate the remainder when o is divided by 5.
2
Suppose 3*n + 9 = 2*r, 0 = 2*n + 2*n - 4*r + 8. Let j(a) = a**2 + 5*a - 1. Let c be j(n). What is the remainder when (c - -2)*3/3 is divided by 1?
0
Let k(t) = 2*t**3 - 3*t**2 - 3*t - 1. Calculate the remainder when 23 is divided by k(3).
6
Suppose 6*y = 2*y + 12. Suppose 44 = -2*n + 6*n. Suppose 3*m + 5*a = 14, 0 = -4*m + y*a + n - 2. What is the remainder when m is divided by 2?
1
Suppose 5*p = 8*p - 39. What is the remainder when 141 is divided by p?
11
Let x be (-1 + 4 - 2)*-2. What is the remainder when 30 is divided by x/(-7) + (-300)/(-28)?
8
Let p be (-2)/10 - 656/20. Let o = 55 + p. Calculate the remainder when o is divided by 12.
10
Let u(s) = s**3 - s**2 - s + 63. What is the remainder when u(0) is divided by 28?
7
Let n = 27 + 2. Calculate the remainder when n is divided by ((-6)/4)/(6/(-32)).
5
Let b = -29 + 48. Suppose 6*z - 4*z - 110 = 0. What is the remainder when z is divided by b?
17
Suppose -5*w + w + 90 = 5*j, 85 = 3*w - 5*j. Calculate the remainder when w is divided by 14.
11
Suppose -8 = -c - c. What is the remainder when -74*(-2)/c*1 is divided by 20?
17
Suppose -4*m = -y - 152, 5*m - 2*m = -4*y + 114. Suppose -2*u - 69 = -7*u + d, -3*u - d + 35 = 0. Calculate the remainder when m is divided by u.
12
Let r(j) = -j**2 + 8*j + 6. Suppose -d - 3*d + 76 = 0. Suppose 0 = -s + 3*z + d, 4*s - 15 = 5*z + 33. What is the remainder when 25 is divided by r(s)?
12
Suppose 24 = 3*i - i. Suppose 3*s = s + 66. What is the remainder when s is divided by i?
9
Suppose 3*r = 161 + 64. What is the remainder when r is divided by 19?
18
Calculate the remainder when (-111)/(-2) - 4/8 is divided by 3/15 - (-278)/10.
27
What is the remainder when 113 is divided by (152/(-40))/(1/(-5))?
18
Let s(t) = 4*t**2 - 1. Let c be s(-1). Suppose 0 = 2*g + 4*y + y - 16, 3*g - 42 = -c*y. Let n = -11 + g. What is the remainder when 20 is divided by n?
6
Suppose -4*s + s + 55 = -4*c, 0 = 3*s + 2*c - 67. What is the remainder when 37 is divided by s?
16
Suppose l + l = 50. Let z = 62 + -48. Calculate the remainder when l is divided by z.
11
Let n = -4 + 8. Let c(z) = 5*z - 5. Suppose -5*v - 4*x + 161 = 0, -x = 3*v + 2*x - 99. Calculate the remainder when v is divided by c(n).
14
Let b(m) = -2*m - 14. Let n(l) = 3*l + 27. Let u(i) = -9*b(i) - 5*n(i). Let a be (-1 - 1)*(0 + -4). Calculate the remainder when u(a) is divided by 8.
7
Suppose -6*k = -3*k + 3*z - 171, 2*k - 108 = -4*z. Calculate the remainder when k is divided by 22.
16
What is the remainder when 157 is divided by ((-130 + 2)/4)/(-1)?
29
Let o = -24 - -37. Calculate the remainder when o is divided by 5.
3
Let f = 133 + -90. Suppose -2*j = -0*u - 5*u - 22, 0 = j - 2*u - 11. What is the remainder when f is divided by j?
10
What is the remainder when -2 + 9 + 0 + -3 + 1 is divided by 2?
1
Let c = -7 - -9. Suppose s + 1 = 0, 2*v - c*s = -2*v + 78. Suppose 0 = -u + 28 + v. Calculate the remainder when u is divided by 16.
15
Suppose -2*t + 2 = 0, 0 = 2*i - 5*t - 3. Let w = 6 - 3. Suppose -3*s + 82 = 2*s + w*c, 26 = 3*s - i*c. What is the remainder when s is divided by 8?
6
Suppose -b = 2*b - 12. Suppose 2*v + 4*f = 28, -b*v + 34 + 16 = 5*f. What is the remainder when 28 is divided by v?
8
Suppose -4*q - 33 = -q. Let w = q + 8. Calculate the remainder when 24 - (w + 0)/(-1) is divided by 8.
5
Let y be (-141)/9*(-4 + 1). Suppose -5*t = -2*n - 77, 3*t - 2*n + 0*n - y = 0. Suppose v - t + 2 = 0. What is the remainder when v is divided by 7?
6
What is the remainder when 25 is divided by (6/(-9))/((-328)/(-84) + -4)?
4
Suppose -y - c = 3*c - 58, 2*y + 4*c - 128 = 0. What is the remainder when y is divided by 18?
16
Suppose -22 = 2*w - 78. What is the remainder when w is divided by 15?
13
Calculate the remainder when 23 is divided by 1 - (10/(-6))/(12/36).
5
Let d(c) = c**3 + 7*c**2 - 5*c + 1. Suppose -3*a + 11 + 46 = 0. What